CRAN Package Check Results for Package simsalapar

Last updated on 2020-12-01 00:46:55 CET.

Flavor Version Tinstall Tcheck Ttotal Status Flags
r-devel-linux-x86_64-debian-clang 1.0-10 7.40 42.35 49.75 NOTE --no-tests
r-devel-linux-x86_64-debian-gcc 1.0-10 5.48 35.13 40.61 NOTE --no-tests
r-devel-linux-x86_64-fedora-clang 1.0-10 112.92 NOTE
r-devel-linux-x86_64-fedora-gcc 1.0-10 106.15 NOTE
r-devel-windows-ix86+x86_64 1.0-10 11.00 101.00 112.00 OK
r-patched-linux-x86_64 1.0-10 7.28 47.02 54.30 NOTE --no-tests
r-patched-solaris-x86 1.0-10 307.00 NOTE
r-release-linux-x86_64 1.0-10 7.38 46.07 53.45 NOTE --no-tests
r-release-macos-x86_64 1.0-10 NOTE
r-release-windows-ix86+x86_64 1.0-10 14.00 100.00 114.00 OK
r-oldrel-macos-x86_64 1.0-10 NOTE
r-oldrel-windows-ix86+x86_64 1.0-10 9.00 119.00 128.00 OK

Check Details

Version: 1.0-10
Flags: --no-tests
Check: for non-standard things in the check directory
Result: NOTE
    Found the following files/directories:
     'crop_device.pdf'
Flavors: r-devel-linux-x86_64-debian-clang, r-devel-linux-x86_64-debian-gcc, r-patched-linux-x86_64, r-release-linux-x86_64

Version: 1.0-10
Check: for non-standard things in the check directory
Result: NOTE
    Found the following files/directories:
     ‘crop_device.pdf’
Flavors: r-devel-linux-x86_64-fedora-clang, r-devel-linux-x86_64-fedora-gcc, r-patched-solaris-x86

Version: 1.0-10
Check: package dependencies
Result: NOTE
    Package suggested but not available for checking: ‘Rmpi’
Flavors: r-release-macos-x86_64, r-oldrel-macos-x86_64

Version: 1.0-10
Check: Rd cross-references
Result: NOTE
    Package unavailable to check Rd xrefs: ‘Rmpi’
Flavors: r-release-macos-x86_64, r-oldrel-macos-x86_64