Last updated on 2020-12-01 00:46:55 CET.
Flavor | Version | Tinstall | Tcheck | Ttotal | Status | Flags |
---|---|---|---|---|---|---|
r-devel-linux-x86_64-debian-clang | 0.62.3 | 60.27 | 299.86 | 360.13 | OK | |
r-devel-linux-x86_64-debian-gcc | 0.62.3 | 36.81 | 227.60 | 264.41 | OK | |
r-devel-linux-x86_64-fedora-clang | 0.62.3 | 434.10 | NOTE | |||
r-devel-linux-x86_64-fedora-gcc | 0.62.3 | 427.57 | OK | |||
r-devel-windows-ix86+x86_64 | 0.62.3 | 112.00 | 260.00 | 372.00 | NOTE | |
r-patched-linux-x86_64 | 0.62.3 | 42.08 | 288.79 | 330.87 | OK | |
r-patched-solaris-x86 | 0.62.3 | 636.70 | NOTE | |||
r-release-linux-x86_64 | 0.62.3 | 45.93 | 292.66 | 338.59 | OK | |
r-release-macos-x86_64 | 0.62.3 | NOTE | ||||
r-release-windows-ix86+x86_64 | 0.62.3 | 69.00 | 258.00 | 327.00 | NOTE | |
r-oldrel-macos-x86_64 | 0.62.3 | ERROR | ||||
r-oldrel-windows-ix86+x86_64 | 0.62.3 | 88.00 | 327.00 | 415.00 | NOTE |
Version: 0.62.3
Check: package dependencies
Result: NOTE
Imports includes 35 non-default packages.
Importing from so many packages makes the package vulnerable to any of
them becoming unavailable. Move as many as possible to Suggests and
use conditionally.
Flavor: r-devel-linux-x86_64-fedora-clang
Version: 0.62.3
Check: installed package size
Result: NOTE
installed size is 5.4Mb
sub-directories of 1Mb or more:
doc 2.6Mb
extdata 1.3Mb
Flavors: r-devel-linux-x86_64-fedora-clang, r-devel-windows-ix86+x86_64, r-patched-solaris-x86, r-release-macos-x86_64, r-release-windows-ix86+x86_64, r-oldrel-windows-ix86+x86_64
Version: 0.62.3
Check: package dependencies
Result: ERROR
Package required but not available: ‘gWidgets2RGtk2’
See section ‘The DESCRIPTION file’ in the ‘Writing R Extensions’
manual.
Flavor: r-oldrel-macos-x86_64