CRAN Package Check Results for Package smog

Last updated on 2020-12-01 00:46:55 CET.

Flavor Version Tinstall Tcheck Ttotal Status Flags
r-devel-linux-x86_64-debian-clang 2.1.0 80.92 65.42 146.34 OK
r-devel-linux-x86_64-debian-gcc 2.1.0 83.35 48.06 131.41 OK
r-devel-linux-x86_64-fedora-clang 2.1.0 177.71 NOTE
r-devel-linux-x86_64-fedora-gcc 2.1.0 162.95 NOTE
r-devel-windows-ix86+x86_64 2.1.0 142.00 97.00 239.00 OK
r-patched-linux-x86_64 2.1.0 95.41 62.72 158.13 OK
r-patched-solaris-x86 2.1.0 177.20 NOTE
r-release-linux-x86_64 2.1.0 95.30 63.60 158.90 OK
r-release-macos-x86_64 2.1.0 NOTE
r-release-windows-ix86+x86_64 2.1.0 107.00 94.00 201.00 OK
r-oldrel-macos-x86_64 2.1.0 NOTE
r-oldrel-windows-ix86+x86_64 2.1.0 111.00 118.00 229.00 OK

Check Details

Version: 2.1.0
Check: dependencies in R code
Result: NOTE
    Namespaces in Imports field not imported from:
     ‘Rdpack’ ‘rmarkdown’
     All declared Imports should be used.
Flavors: r-devel-linux-x86_64-fedora-clang, r-devel-linux-x86_64-fedora-gcc, r-patched-solaris-x86, r-release-macos-x86_64, r-oldrel-macos-x86_64