CRAN Package Check Results for Package spData

Last updated on 2020-12-01 00:46:55 CET.

Flavor Version Tinstall Tcheck Ttotal Status Flags
r-devel-linux-x86_64-debian-clang 0.3.8 12.88 93.35 106.23 NOTE
r-devel-linux-x86_64-debian-gcc 0.3.8 9.42 73.85 83.27 NOTE
r-devel-linux-x86_64-fedora-clang 0.3.8 128.24 NOTE
r-devel-linux-x86_64-fedora-gcc 0.3.8 122.92 NOTE
r-devel-windows-ix86+x86_64 0.3.8 21.00 100.00 121.00 NOTE
r-patched-linux-x86_64 0.3.8 12.34 91.17 103.51 NOTE
r-patched-solaris-x86 0.3.8 184.60 NOTE
r-release-linux-x86_64 0.3.8 12.41 92.70 105.11 NOTE
r-release-macos-x86_64 0.3.8 NOTE
r-release-windows-ix86+x86_64 0.3.8 19.00 97.00 116.00 NOTE
r-oldrel-macos-x86_64 0.3.8 NOTE
r-oldrel-windows-ix86+x86_64 0.3.8 17.00 119.00 136.00 NOTE

Check Details

Version: 0.3.8
Check: package dependencies
Result: NOTE
    Package suggested but not available for checking: 'spDataLarge'
Flavors: r-devel-linux-x86_64-debian-clang, r-devel-linux-x86_64-debian-gcc, r-devel-linux-x86_64-fedora-clang, r-devel-linux-x86_64-fedora-gcc, r-devel-windows-ix86+x86_64, r-patched-linux-x86_64, r-patched-solaris-x86, r-release-linux-x86_64, r-release-macos-x86_64, r-release-windows-ix86+x86_64, r-oldrel-macos-x86_64, r-oldrel-windows-ix86+x86_64

Version: 0.3.8
Check: installed package size
Result: NOTE
     installed size is 6.5Mb
     sub-directories of 1Mb or more:
     data 2.6Mb
     shapes 3.2Mb
Flavors: r-devel-linux-x86_64-fedora-clang, r-devel-windows-ix86+x86_64, r-patched-solaris-x86, r-release-macos-x86_64, r-release-windows-ix86+x86_64, r-oldrel-macos-x86_64, r-oldrel-windows-ix86+x86_64

Version: 0.3.8
Check: data for non-ASCII characters
Result: NOTE
     Note: found 56 marked UTF-8 strings
Flavors: r-devel-linux-x86_64-fedora-clang, r-devel-linux-x86_64-fedora-gcc, r-patched-solaris-x86, r-release-macos-x86_64, r-oldrel-macos-x86_64