Last updated on 2020-12-01 00:46:56 CET.
Flavor | Version | Tinstall | Tcheck | Ttotal | Status | Flags |
---|---|---|---|---|---|---|
r-devel-linux-x86_64-debian-clang | 0.2.0 | 40.31 | 94.96 | 135.27 | OK | |
r-devel-linux-x86_64-debian-gcc | 0.2.0 | 36.25 | 72.30 | 108.55 | OK | |
r-devel-linux-x86_64-fedora-clang | 0.2.0 | 161.63 | NOTE | |||
r-devel-linux-x86_64-fedora-gcc | 0.2.0 | 162.55 | NOTE | |||
r-devel-windows-ix86+x86_64 | 0.2.0 | 69.00 | 155.00 | 224.00 | OK | |
r-patched-linux-x86_64 | 0.2.0 | 44.58 | 94.35 | 138.93 | OK | |
r-patched-solaris-x86 | 0.2.0 | 177.10 | NOTE | |||
r-release-linux-x86_64 | 0.2.0 | 50.07 | 97.44 | 147.51 | OK | |
r-release-macos-x86_64 | 0.2.0 | NOTE | ||||
r-release-windows-ix86+x86_64 | 0.2.0 | 53.00 | 143.00 | 196.00 | OK | |
r-oldrel-macos-x86_64 | 0.2.0 | NOTE | ||||
r-oldrel-windows-ix86+x86_64 | 0.2.0 | 55.00 | 165.00 | 220.00 | OK |
Version: 0.2.0
Check: data for non-ASCII characters
Result: NOTE
Note: found 7587 marked UTF-8 strings
Flavors: r-devel-linux-x86_64-fedora-clang, r-devel-linux-x86_64-fedora-gcc, r-patched-solaris-x86, r-release-macos-x86_64, r-oldrel-macos-x86_64