CRAN Package Check Results for Package stressr

Last updated on 2020-12-01 00:46:56 CET.

Flavor Version Tinstall Tcheck Ttotal Status Flags
r-devel-linux-x86_64-debian-clang 1.0.0 4.57 41.19 45.76 NOTE
r-devel-linux-x86_64-debian-gcc 1.0.0 3.40 31.74 35.14 NOTE
r-devel-linux-x86_64-fedora-clang 1.0.0 59.85 NOTE
r-devel-linux-x86_64-fedora-gcc 1.0.0 49.22 NOTE
r-devel-windows-ix86+x86_64 1.0.0 8.00 48.00 56.00 NOTE
r-patched-linux-x86_64 1.0.0 5.00 44.42 49.42 NOTE
r-patched-solaris-x86 1.0.0 78.20 NOTE
r-release-linux-x86_64 1.0.0 4.73 40.15 44.88 NOTE
r-release-macos-x86_64 1.0.0 NOTE
r-release-windows-ix86+x86_64 1.0.0 8.00 43.00 51.00 NOTE
r-oldrel-macos-x86_64 1.0.0 NOTE
r-oldrel-windows-ix86+x86_64 1.0.0 6.00 53.00 59.00 NOTE

Check Details

Version: 1.0.0
Check: DESCRIPTION meta-information
Result: NOTE
    Malformed Title field: should not end in a period.
Flavors: r-devel-linux-x86_64-debian-clang, r-devel-linux-x86_64-debian-gcc, r-devel-linux-x86_64-fedora-clang, r-devel-linux-x86_64-fedora-gcc, r-devel-windows-ix86+x86_64, r-patched-linux-x86_64, r-patched-solaris-x86, r-release-linux-x86_64, r-release-macos-x86_64, r-release-windows-ix86+x86_64, r-oldrel-macos-x86_64, r-oldrel-windows-ix86+x86_64