Last updated on 2020-12-01 00:46:56 CET.
Flavor | Version | Tinstall | Tcheck | Ttotal | Status | Flags |
---|---|---|---|---|---|---|
r-devel-linux-x86_64-debian-clang | 1.3 | 6.73 | 51.36 | 58.09 | OK | |
r-devel-linux-x86_64-debian-gcc | 1.3 | 4.81 | 48.69 | 53.50 | OK | |
r-devel-linux-x86_64-fedora-clang | 1.3 | 77.29 | OK | |||
r-devel-linux-x86_64-fedora-gcc | 1.3 | 67.64 | OK | |||
r-devel-windows-ix86+x86_64 | 1.3 | 13.00 | 52.00 | 65.00 | OK | |
r-patched-linux-x86_64 | 1.3 | 7.81 | 51.75 | 59.56 | OK | |
r-patched-solaris-x86 | 1.3 | 101.40 | OK | |||
r-release-linux-x86_64 | 1.3 | 6.34 | 51.30 | 57.64 | OK | |
r-release-macos-x86_64 | 1.3 | OK | ||||
r-release-windows-ix86+x86_64 | 1.3 | 14.00 | 51.00 | 65.00 | OK | |
r-oldrel-macos-x86_64 | 1.3 | FAIL | ||||
r-oldrel-windows-ix86+x86_64 | 1.3 | 9.00 | 65.00 | 74.00 | OK |
Version: 1.3
Check: whether package can be installed
Result: FAIL
Flavor: r-oldrel-macos-x86_64