Last updated on 2020-12-01 00:46:56 CET.
Flavor | Version | Tinstall | Tcheck | Ttotal | Status | Flags |
---|---|---|---|---|---|---|
r-devel-linux-x86_64-debian-clang | 1.1-0 | 6.18 | 64.75 | 70.93 | OK | |
r-devel-linux-x86_64-debian-gcc | 1.1-0 | 4.58 | 53.73 | 58.31 | OK | |
r-devel-linux-x86_64-fedora-clang | 1.1-0 | 91.63 | OK | |||
r-devel-linux-x86_64-fedora-gcc | 1.1-0 | 79.31 | OK | |||
r-devel-windows-ix86+x86_64 | 1.1-0 | 13.00 | 110.00 | 123.00 | OK | |
r-patched-linux-x86_64 | 1.1-0 | 6.00 | 66.55 | 72.55 | OK | |
r-patched-solaris-x86 | 1.1-0 | 111.90 | OK | |||
r-release-linux-x86_64 | 1.1-0 | 6.43 | 66.00 | 72.43 | OK | |
r-release-macos-x86_64 | 1.1-0 | OK | ||||
r-release-windows-ix86+x86_64 | 1.1-0 | 12.00 | 110.00 | 122.00 | OK | |
r-oldrel-macos-x86_64 | 1.1-0 | NOTE | ||||
r-oldrel-windows-ix86+x86_64 | 1.1-0 | 9.00 | 127.00 | 136.00 | NOTE |
Version: 1.1-0
Check: R code for possible problems
Result: NOTE
plot.pelora: no visible global function definition for ‘plot’
plot.wilma: no visible global function definition for ‘plot’
Undefined global functions or variables:
plot
Consider adding
importFrom("graphics", "plot")
to your NAMESPACE file.
Flavors: r-oldrel-macos-x86_64, r-oldrel-windows-ix86+x86_64