Last updated on 2020-12-01 00:46:56 CET.
Flavor | Version | Tinstall | Tcheck | Ttotal | Status | Flags |
---|---|---|---|---|---|---|
r-devel-linux-x86_64-debian-clang | 0.2.1 | 19.18 | 142.41 | 161.59 | OK | |
r-devel-linux-x86_64-debian-gcc | 0.2.1 | 12.18 | 108.34 | 120.52 | OK | |
r-devel-linux-x86_64-fedora-clang | 0.2.1 | 193.46 | NOTE | |||
r-devel-linux-x86_64-fedora-gcc | 0.2.1 | 186.63 | NOTE | |||
r-devel-windows-ix86+x86_64 | 0.2.1 | 33.00 | 115.00 | 148.00 | OK | |
r-patched-linux-x86_64 | 0.2.1 | 15.25 | 134.05 | 149.30 | OK | |
r-patched-solaris-x86 | 0.2.1 | 254.30 | NOTE | |||
r-release-linux-x86_64 | 0.2.1 | 14.49 | 134.86 | 149.35 | OK | |
r-release-macos-x86_64 | 0.2.1 | NOTE | ||||
r-release-windows-ix86+x86_64 | 0.2.1 | 26.00 | 120.00 | 146.00 | OK | |
r-oldrel-macos-x86_64 | 0.2.1 | NOTE | ||||
r-oldrel-windows-ix86+x86_64 | 0.2.1 | 31.00 | 152.00 | 183.00 | OK |
Version: 0.2.1
Check: dependencies in R code
Result: NOTE
Namespace in Imports field not imported from: ‘methods’
All declared Imports should be used.
Flavors: r-devel-linux-x86_64-fedora-clang, r-devel-linux-x86_64-fedora-gcc, r-patched-solaris-x86, r-release-macos-x86_64, r-oldrel-macos-x86_64