CRAN Package Check Results for Package swissdd

Last updated on 2020-12-01 00:46:56 CET.

Flavor Version Tinstall Tcheck Ttotal Status Flags
r-devel-linux-x86_64-debian-clang 1.0.4 5.21 44.64 49.85 OK
r-devel-linux-x86_64-debian-gcc 1.0.4 4.18 38.00 42.18 OK
r-devel-linux-x86_64-fedora-clang 1.0.4 62.43 NOTE
r-devel-linux-x86_64-fedora-gcc 1.0.4 52.16 NOTE
r-devel-windows-ix86+x86_64 1.0.4 10.00 53.00 63.00 OK
r-patched-linux-x86_64 1.0.4 5.68 45.84 51.52 OK
r-patched-solaris-x86 1.0.4 72.90 NOTE
r-release-linux-x86_64 1.0.4 4.67 48.08 52.75 OK
r-release-macos-x86_64 1.0.4 NOTE
r-release-windows-ix86+x86_64 1.0.4 9.00 55.00 64.00 OK
r-oldrel-macos-x86_64 1.0.4 NOTE
r-oldrel-windows-ix86+x86_64 1.0.4 6.00 68.00 74.00 OK

Check Details

Version: 1.0.4
Check: dependencies in R code
Result: NOTE
    Namespaces in Imports field not imported from:
     ‘curl’ ‘magrittr’
     All declared Imports should be used.
Flavors: r-devel-linux-x86_64-fedora-clang, r-devel-linux-x86_64-fedora-gcc, r-patched-solaris-x86, r-release-macos-x86_64, r-oldrel-macos-x86_64