Last updated on 2020-12-01 00:46:56 CET.
Flavor | Version | Tinstall | Tcheck | Ttotal | Status | Flags |
---|---|---|---|---|---|---|
r-devel-linux-x86_64-debian-clang | 2.1.5 | 36.03 | 176.45 | 212.48 | OK | |
r-devel-linux-x86_64-debian-gcc | 2.1.5 | 23.54 | 138.54 | 162.08 | OK | |
r-devel-linux-x86_64-fedora-clang | 2.1.5 | 255.22 | NOTE | |||
r-devel-linux-x86_64-fedora-gcc | 2.1.5 | 329.16 | NOTE | |||
r-devel-windows-ix86+x86_64 | 2.1.5 | 53.00 | 171.00 | 224.00 | NOTE | |
r-patched-linux-x86_64 | 2.1.5 | 35.70 | 179.21 | 214.91 | OK | |
r-patched-solaris-x86 | 2.1.5 | 313.70 | NOTE | |||
r-release-linux-x86_64 | 2.1.5 | 35.26 | 177.42 | 212.68 | OK | |
r-release-macos-x86_64 | 2.1.5 | NOTE | ||||
r-release-windows-ix86+x86_64 | 2.1.5 | 47.00 | 171.00 | 218.00 | NOTE | |
r-oldrel-macos-x86_64 | 2.1.5 | NOTE | ||||
r-oldrel-windows-ix86+x86_64 | 2.1.5 | 36.00 | 205.00 | 241.00 | NOTE |
Version: 2.1.5
Check: package dependencies
Result: NOTE
Package suggested but not available for checking: ‘cplexAPI’
Flavors: r-devel-linux-x86_64-fedora-clang, r-devel-linux-x86_64-fedora-gcc, r-devel-windows-ix86+x86_64, r-patched-solaris-x86, r-release-windows-ix86+x86_64, r-oldrel-windows-ix86+x86_64
Version: 2.1.5
Check: package dependencies
Result: NOTE
Packages suggested but not available for checking: 'cplexAPI', 'clpAPI'
Flavors: r-release-macos-x86_64, r-oldrel-macos-x86_64