Last updated on 2020-12-01 00:46:56 CET.
Flavor | Version | Tinstall | Tcheck | Ttotal | Status | Flags |
---|---|---|---|---|---|---|
r-devel-linux-x86_64-debian-clang | 2.0.1 | 11.81 | 87.09 | 98.90 | OK | |
r-devel-linux-x86_64-debian-gcc | 2.0.1 | 9.16 | 70.42 | 79.58 | OK | |
r-devel-linux-x86_64-fedora-clang | 2.0.1 | 122.82 | NOTE | |||
r-devel-linux-x86_64-fedora-gcc | 2.0.1 | 115.48 | NOTE | |||
r-devel-windows-ix86+x86_64 | 2.0.1 | 21.00 | 78.00 | 99.00 | NOTE | |
r-patched-linux-x86_64 | 2.0.1 | 11.37 | 87.35 | 98.72 | OK | |
r-patched-solaris-x86 | 2.0.1 | 163.10 | NOTE | |||
r-release-linux-x86_64 | 2.0.1 | 11.43 | 88.01 | 99.44 | OK | |
r-release-macos-x86_64 | 2.0.1 | NOTE | ||||
r-release-windows-ix86+x86_64 | 2.0.1 | 21.00 | 80.00 | 101.00 | NOTE | |
r-oldrel-macos-x86_64 | 2.0.1 | NOTE | ||||
r-oldrel-windows-ix86+x86_64 | 2.0.1 | 16.00 | 99.00 | 115.00 | NOTE |
Version: 2.0.1
Check: package dependencies
Result: NOTE
Package suggested but not available for checking: ‘cplexAPI’
Flavors: r-devel-linux-x86_64-fedora-clang, r-devel-linux-x86_64-fedora-gcc, r-devel-windows-ix86+x86_64, r-patched-solaris-x86, r-release-macos-x86_64, r-release-windows-ix86+x86_64, r-oldrel-macos-x86_64, r-oldrel-windows-ix86+x86_64