Last updated on 2020-12-01 00:46:57 CET.
Flavor | Version | Tinstall | Tcheck | Ttotal | Status | Flags |
---|---|---|---|---|---|---|
r-devel-linux-x86_64-debian-clang | 0.0.4 | 6.41 | 46.41 | 52.82 | OK | |
r-devel-linux-x86_64-debian-gcc | 0.0.4 | 5.22 | 35.27 | 40.49 | OK | |
r-devel-linux-x86_64-fedora-clang | 0.0.4 | 64.08 | NOTE | |||
r-devel-linux-x86_64-fedora-gcc | 0.0.4 | 53.61 | OK | |||
r-devel-windows-ix86+x86_64 | 0.0.4 | 11.00 | 43.00 | 54.00 | OK | |
r-patched-linux-x86_64 | 0.0.4 | 6.08 | 44.89 | 50.97 | OK | |
r-patched-solaris-x86 | 0.0.4 | 82.80 | OK | |||
r-release-linux-x86_64 | 0.0.4 | 5.97 | 46.78 | 52.75 | OK | |
r-release-macos-x86_64 | 0.0.4 | OK | ||||
r-release-windows-ix86+x86_64 | 0.0.4 | 9.00 | 48.00 | 57.00 | OK | |
r-oldrel-macos-x86_64 | 0.0.4 | OK | ||||
r-oldrel-windows-ix86+x86_64 | 0.0.4 | 7.00 | 56.00 | 63.00 | OK |
Version: 0.0.4
Check: Rd cross-references
Result: NOTE
Undeclared package ‘scales’ in Rd xrefs
Flavor: r-devel-linux-x86_64-fedora-clang