CRAN Package Check Results for Package tfplot

Last updated on 2020-12-01 00:46:57 CET.

Flavor Version Tinstall Tcheck Ttotal Status Flags
r-devel-linux-x86_64-debian-clang 2015.12-1 3.89 33.03 36.92 NOTE
r-devel-linux-x86_64-debian-gcc 2015.12-1 2.68 27.47 30.15 NOTE
r-devel-linux-x86_64-fedora-clang 2015.12-1 46.76 NOTE
r-devel-linux-x86_64-fedora-gcc 2015.12-1 37.03 NOTE
r-devel-windows-ix86+x86_64 2015.12-1 5.00 38.00 43.00 OK
r-patched-linux-x86_64 2015.12-1 3.58 35.89 39.47 NOTE
r-patched-solaris-x86 2015.12-1 54.90 NOTE
r-release-linux-x86_64 2015.12-1 3.33 35.57 38.90 NOTE
r-release-macos-x86_64 2015.12-1 OK
r-release-windows-ix86+x86_64 2015.12-1 5.00 37.00 42.00 OK
r-oldrel-macos-x86_64 2015.12-1 OK
r-oldrel-windows-ix86+x86_64 2015.12-1 4.00 43.00 47.00 OK

Check Details

Version: 2015.12-1
Check: for non-standard things in the check directory
Result: NOTE
    Found the following files/directories:
     'tmp.test.data.csv'
Flavors: r-devel-linux-x86_64-debian-clang, r-devel-linux-x86_64-debian-gcc, r-devel-linux-x86_64-fedora-clang, r-devel-linux-x86_64-fedora-gcc, r-patched-linux-x86_64, r-patched-solaris-x86, r-release-linux-x86_64