Last updated on 2020-12-01 00:46:57 CET.
Flavor | Version | Tinstall | Tcheck | Ttotal | Status | Flags |
---|---|---|---|---|---|---|
r-devel-linux-x86_64-debian-clang | 0.1.1 | 4.57 | 38.66 | 43.23 | OK | |
r-devel-linux-x86_64-debian-gcc | 0.1.1 | 2.25 | 29.57 | 31.82 | OK | |
r-devel-linux-x86_64-fedora-clang | 0.1.1 | 52.86 | NOTE | |||
r-devel-linux-x86_64-fedora-gcc | 0.1.1 | 43.77 | NOTE | |||
r-devel-windows-ix86+x86_64 | 0.1.1 | 7.00 | 42.00 | 49.00 | OK | |
r-patched-linux-x86_64 | 0.1.1 | 2.93 | 37.77 | 40.70 | OK | |
r-patched-solaris-x86 | 0.1.1 | 65.40 | NOTE | |||
r-release-linux-x86_64 | 0.1.1 | 3.26 | 39.32 | 42.58 | OK | |
r-release-macos-x86_64 | 0.1.1 | NOTE | ||||
r-release-windows-ix86+x86_64 | 0.1.1 | 5.00 | 42.00 | 47.00 | OK | |
r-oldrel-macos-x86_64 | 0.1.1 | NOTE | ||||
r-oldrel-windows-ix86+x86_64 | 0.1.1 | 3.00 | 55.00 | 58.00 | OK |
Version: 0.1.1
Check: dependencies in R code
Result: NOTE
Namespace in Imports field not imported from: ‘tidyr’
All declared Imports should be used.
Flavors: r-devel-linux-x86_64-fedora-clang, r-devel-linux-x86_64-fedora-gcc, r-patched-solaris-x86, r-release-macos-x86_64, r-oldrel-macos-x86_64