Last updated on 2020-12-01 00:46:57 CET.
Flavor | Version | Tinstall | Tcheck | Ttotal | Status | Flags |
---|---|---|---|---|---|---|
r-devel-linux-x86_64-debian-clang | 1.1.2 | 19.45 | 92.98 | 112.43 | OK | |
r-devel-linux-x86_64-debian-gcc | 1.1.2 | 17.40 | 73.07 | 90.47 | OK | |
r-devel-linux-x86_64-fedora-clang | 1.1.2 | 133.52 | NOTE | |||
r-devel-linux-x86_64-fedora-gcc | 1.1.2 | 124.02 | NOTE | |||
r-devel-windows-ix86+x86_64 | 1.1.2 | 39.00 | 115.00 | 154.00 | OK | |
r-patched-linux-x86_64 | 1.1.2 | 22.09 | 96.10 | 118.19 | OK | |
r-patched-solaris-x86 | 1.1.2 | 156.00 | NOTE | |||
r-release-linux-x86_64 | 1.1.2 | 21.02 | 95.30 | 116.32 | OK | |
r-release-macos-x86_64 | 1.1.2 | NOTE | ||||
r-release-windows-ix86+x86_64 | 1.1.2 | 32.00 | 111.00 | 143.00 | OK | |
r-oldrel-macos-x86_64 | 1.1.2 | NOTE | ||||
r-oldrel-windows-ix86+x86_64 | 1.1.2 | 34.00 | 143.00 | 177.00 | OK |
Version: 1.1.2
Check: data for non-ASCII characters
Result: NOTE
Note: found 24 marked UTF-8 strings
Flavors: r-devel-linux-x86_64-fedora-clang, r-devel-linux-x86_64-fedora-gcc, r-patched-solaris-x86, r-release-macos-x86_64, r-oldrel-macos-x86_64