Last updated on 2020-12-01 00:46:57 CET.
Flavor | Version | Tinstall | Tcheck | Ttotal | Status | Flags |
---|---|---|---|---|---|---|
r-devel-linux-x86_64-debian-clang | 0.2.4 | 2.96 | 35.01 | 37.97 | OK | |
r-devel-linux-x86_64-debian-gcc | 0.2.4 | 2.25 | 27.32 | 29.57 | OK | |
r-devel-linux-x86_64-fedora-clang | 0.2.4 | 49.76 | NOTE | |||
r-devel-linux-x86_64-fedora-gcc | 0.2.4 | 40.57 | NOTE | |||
r-devel-windows-ix86+x86_64 | 0.2.4 | 5.00 | 39.00 | 44.00 | OK | |
r-patched-linux-x86_64 | 0.2.4 | 2.93 | 37.09 | 40.02 | OK | |
r-patched-solaris-x86 | 0.2.4 | 61.00 | NOTE | |||
r-release-linux-x86_64 | 0.2.4 | 2.88 | 37.68 | 40.56 | OK | |
r-release-macos-x86_64 | 0.2.4 | NOTE | ||||
r-release-windows-ix86+x86_64 | 0.2.4 | 5.00 | 40.00 | 45.00 | OK | |
r-oldrel-macos-x86_64 | 0.2.4 | NOTE | ||||
r-oldrel-windows-ix86+x86_64 | 0.2.4 | 3.00 | 48.00 | 51.00 | OK |
Version: 0.2.4
Check: dependencies in R code
Result: NOTE
Namespace in Imports field not imported from: ‘rgdal’
All declared Imports should be used.
Flavors: r-devel-linux-x86_64-fedora-clang, r-devel-linux-x86_64-fedora-gcc, r-patched-solaris-x86, r-release-macos-x86_64, r-oldrel-macos-x86_64