CRAN Package Check Results for Package tlrmvnmvt

Last updated on 2020-12-01 00:46:57 CET.

Flavor Version Tinstall Tcheck Ttotal Status Flags
r-devel-linux-x86_64-debian-clang 1.1.0 317.58 41.58 359.16 OK
r-devel-linux-x86_64-debian-gcc 1.1.0 258.34 34.72 293.06 OK
r-devel-linux-x86_64-fedora-clang 1.1.0 422.11 NOTE
r-devel-linux-x86_64-fedora-gcc 1.1.0 339.78 OK
r-devel-windows-ix86+x86_64 1.1.0 554.00 92.00 646.00 OK
r-patched-linux-x86_64 1.1.0 410.79 46.93 457.72 OK
r-patched-solaris-x86 1.1.0 282.20 OK
r-release-linux-x86_64 1.1.0 415.68 47.00 462.68 OK
r-release-macos-x86_64 1.1.0 NOTE
r-release-windows-ix86+x86_64 1.1.0 541.00 92.00 633.00 OK
r-oldrel-macos-x86_64 1.1.0 NOTE
r-oldrel-windows-ix86+x86_64 1.1.0 393.00 106.00 499.00 OK

Check Details

Version: 1.1.0
Check: installed package size
Result: NOTE
     installed size is 11.5Mb
     sub-directories of 1Mb or more:
     libs 11.3Mb
Flavors: r-devel-linux-x86_64-fedora-clang, r-release-macos-x86_64, r-oldrel-macos-x86_64