Last updated on 2020-12-01 00:46:57 CET.
Flavor | Version | Tinstall | Tcheck | Ttotal | Status | Flags |
---|---|---|---|---|---|---|
r-devel-linux-x86_64-debian-clang | 3.2 | 33.63 | 254.04 | 287.67 | OK | |
r-devel-linux-x86_64-debian-gcc | 3.2 | 24.19 | 194.97 | 219.16 | OK | |
r-devel-linux-x86_64-fedora-clang | 3.2 | 344.88 | OK | |||
r-devel-linux-x86_64-fedora-gcc | 3.2 | 342.81 | OK | |||
r-devel-windows-ix86+x86_64 | 3.2 | 54.00 | 233.00 | 287.00 | OK | |
r-patched-linux-x86_64 | 3.2 | 32.53 | 243.63 | 276.16 | OK | |
r-patched-solaris-x86 | 3.2 | 403.80 | NOTE | |||
r-release-linux-x86_64 | 3.2 | 29.27 | 245.85 | 275.12 | OK | |
r-release-macos-x86_64 | 3.2 | OK | ||||
r-release-windows-ix86+x86_64 | 3.2 | 38.00 | 215.00 | 253.00 | OK | |
r-oldrel-macos-x86_64 | 3.2 | OK | ||||
r-oldrel-windows-ix86+x86_64 | 3.2 | 52.00 | 293.00 | 345.00 | OK |
Version: 3.2
Check: package dependencies
Result: NOTE
Packages suggested but not available for checking: 'av', 'gifski'
Flavor: r-patched-solaris-x86