Last updated on 2020-12-01 00:46:57 CET.
Flavor | Version | Tinstall | Tcheck | Ttotal | Status | Flags |
---|---|---|---|---|---|---|
r-devel-linux-x86_64-debian-clang | 0.0.3 | 162.94 | 330.97 | 493.91 | OK | |
r-devel-linux-x86_64-debian-gcc | 0.0.3 | 204.71 | 277.77 | 482.48 | OK | |
r-devel-linux-x86_64-fedora-clang | 0.0.3 | 582.99 | NOTE | |||
r-devel-linux-x86_64-fedora-gcc | 0.0.3 | 587.63 | OK | |||
r-devel-windows-ix86+x86_64 | 0.0.3 | 224.00 | 425.00 | 649.00 | NOTE | |
r-patched-linux-x86_64 | 0.0.3 | 299.65 | 334.16 | 633.81 | OK | |
r-patched-solaris-x86 | 0.0.3 | 790.30 | OK | |||
r-release-linux-x86_64 | 0.0.3 | 222.06 | 343.68 | 565.74 | OK | |
r-release-macos-x86_64 | 0.0.3 | NOTE | ||||
r-release-windows-ix86+x86_64 | 0.0.3 | 172.00 | 422.00 | 594.00 | NOTE | |
r-oldrel-macos-x86_64 | 0.0.3 | NOTE | ||||
r-oldrel-windows-ix86+x86_64 | 0.0.3 | 186.00 | 506.00 | 692.00 | NOTE |
Version: 0.0.3
Check: installed package size
Result: NOTE
installed size is 33.4Mb
sub-directories of 1Mb or more:
libs 32.5Mb
Flavors: r-devel-linux-x86_64-fedora-clang, r-devel-windows-ix86+x86_64, r-release-macos-x86_64, r-release-windows-ix86+x86_64, r-oldrel-macos-x86_64, r-oldrel-windows-ix86+x86_64