CRAN Package Check Results for Package tricolore

Last updated on 2020-12-01 00:46:57 CET.

Flavor Version Tinstall Tcheck Ttotal Status Flags
r-devel-linux-x86_64-debian-clang 1.2.2 10.34 76.93 87.27 OK
r-devel-linux-x86_64-debian-gcc 1.2.2 6.91 56.77 63.68 OK
r-devel-linux-x86_64-fedora-clang 1.2.2 102.98 OK
r-devel-linux-x86_64-fedora-gcc 1.2.2 93.09 OK
r-devel-windows-ix86+x86_64 1.2.2 18.00 109.00 127.00 OK
r-patched-linux-x86_64 1.2.2 8.70 75.35 84.05 OK
r-patched-solaris-x86 1.2.2 124.20 WARN
r-release-linux-x86_64 1.2.2 8.75 76.04 84.79 OK
r-release-macos-x86_64 1.2.2 WARN
r-release-windows-ix86+x86_64 1.2.2 13.00 74.00 87.00 OK
r-oldrel-macos-x86_64 1.2.2 WARN
r-oldrel-windows-ix86+x86_64 1.2.2 14.00 104.00 118.00 OK

Check Details

Version: 1.2.2
Check: re-building of vignette outputs
Result: WARN
    Error(s) in re-building vignettes:
     ...
    --- re-building ‘choropleth_maps_with_tricolore.Rmd’ using rmarkdown
    Warning in engine$weave(file, quiet = quiet, encoding = enc) :
     Pandoc (>= 1.12.3) and/or pandoc-citeproc not available. Falling back to R Markdown v1.
    Quitting from lines 128-137 (choropleth_maps_with_tricolore.Rmd)
    Error: processing vignette 'choropleth_maps_with_tricolore.Rmd' failed with diagnostics:
    there is no package called 'webshot'
    --- failed re-building ‘choropleth_maps_with_tricolore.Rmd’
    
    SUMMARY: processing the following file failed:
     ‘choropleth_maps_with_tricolore.Rmd’
    
    Error: Vignette re-building failed.
    Execution halted
Flavor: r-patched-solaris-x86

Version: 1.2.2
Check: re-building of vignette outputs
Result: WARN
    Error(s) in re-building vignettes:
     ...
    --- re-building ‘choropleth_maps_with_tricolore.Rmd’ using rmarkdown
    Warning in engine$weave(file, quiet = quiet, encoding = enc) :
     Pandoc (>= 1.12.3) and/or pandoc-citeproc not available. Falling back to R Markdown v1.
    Quitting from lines 128-137 (choropleth_maps_with_tricolore.Rmd)
    Error: processing vignette 'choropleth_maps_with_tricolore.Rmd' failed with diagnostics:
    cannot open the connection
    --- failed re-building ‘choropleth_maps_with_tricolore.Rmd’
    
    SUMMARY: processing the following file failed:
     ‘choropleth_maps_with_tricolore.Rmd’
    
    Error: Vignette re-building failed.
    Execution halted
Flavors: r-release-macos-x86_64, r-oldrel-macos-x86_64