Last updated on 2020-12-01 00:46:58 CET.
Flavor | Version | Tinstall | Tcheck | Ttotal | Status | Flags |
---|---|---|---|---|---|---|
r-devel-linux-x86_64-debian-clang | 1.1 | 3.30 | 30.23 | 33.53 | NOTE | |
r-devel-linux-x86_64-debian-gcc | 1.1 | 2.05 | 26.27 | 28.32 | NOTE | |
r-devel-linux-x86_64-fedora-clang | 1.1 | 44.60 | NOTE | |||
r-devel-linux-x86_64-fedora-gcc | 1.1 | 35.20 | NOTE | |||
r-devel-windows-ix86+x86_64 | 1.1 | 5.00 | 33.00 | 38.00 | NOTE | |
r-patched-linux-x86_64 | 1.1 | 2.90 | 32.65 | 35.55 | NOTE | |
r-patched-solaris-x86 | 1.1 | 52.30 | NOTE | |||
r-release-linux-x86_64 | 1.1 | 3.19 | 34.99 | 38.18 | NOTE | |
r-release-macos-x86_64 | 1.1 | NOTE | ||||
r-release-windows-ix86+x86_64 | 1.1 | 5.00 | 35.00 | 40.00 | NOTE | |
r-oldrel-macos-x86_64 | 1.1 | NOTE | ||||
r-oldrel-windows-ix86+x86_64 | 1.1 | 4.00 | 42.00 | 46.00 | NOTE |
Version: 1.1
Check: R code for possible problems
Result: NOTE
dudewicz.unif.test: no visible global function definition for 'runif'
frosini.unif.test: no visible global function definition for 'runif'
hegazy.unif.test: no visible global function definition for 'runif'
kolmogorov.unif.test: no visible global function definition for 'runif'
kuiper.unif.test: no visible global function definition for 'runif'
neyman.unif.test: no visible global function definition for 'runif'
quesenberry.unif.test: no visible global function definition for
'runif'
sarkadi.unif.test: no visible global function definition for 'runif'
sherman.unif.test: no visible global function definition for 'runif'
Undefined global functions or variables:
runif
Consider adding
importFrom("stats", "runif")
to your NAMESPACE file.
Flavors: r-devel-linux-x86_64-debian-clang, r-devel-linux-x86_64-debian-gcc, r-devel-linux-x86_64-fedora-clang, r-devel-linux-x86_64-fedora-gcc, r-devel-windows-ix86+x86_64, r-patched-linux-x86_64, r-patched-solaris-x86, r-release-linux-x86_64, r-release-macos-x86_64, r-release-windows-ix86+x86_64, r-oldrel-macos-x86_64, r-oldrel-windows-ix86+x86_64