Last updated on 2020-12-01 00:46:58 CET.
Flavor | Version | Tinstall | Tcheck | Ttotal | Status | Flags |
---|---|---|---|---|---|---|
r-devel-linux-x86_64-debian-clang | 0.6-7 | 33.89 | 64.12 | 98.01 | OK | |
r-devel-linux-x86_64-debian-gcc | 0.6-7 | 28.31 | 48.03 | 76.34 | OK | |
r-devel-linux-x86_64-fedora-clang | 0.6-7 | 115.66 | OK | |||
r-devel-linux-x86_64-fedora-gcc | 0.6-7 | 103.37 | OK | |||
r-devel-windows-ix86+x86_64 | 0.6-7 | 56.00 | 113.00 | 169.00 | NOTE | |
r-patched-linux-x86_64 | 0.6-7 | 44.14 | 66.22 | 110.36 | OK | |
r-patched-solaris-x86 | 0.6-7 | 119.40 | OK | |||
r-release-linux-x86_64 | 0.6-7 | 42.69 | 61.06 | 103.75 | OK | |
r-release-macos-x86_64 | 0.6-7 | OK | ||||
r-release-windows-ix86+x86_64 | 0.6-7 | 54.00 | 110.00 | 164.00 | NOTE | |
r-oldrel-macos-x86_64 | 0.6-7 | OK | ||||
r-oldrel-windows-ix86+x86_64 | 0.6-7 | 40.00 | 127.00 | 167.00 | OK |
Version: 0.6-7
Check: installed package size
Result: NOTE
installed size is 5.2Mb
sub-directories of 1Mb or more:
doc 2.2Mb
libs 2.6Mb
Flavors: r-devel-windows-ix86+x86_64, r-release-windows-ix86+x86_64