Last updated on 2020-12-01 00:46:58 CET.
Flavor | Version | Tinstall | Tcheck | Ttotal | Status | Flags |
---|---|---|---|---|---|---|
r-devel-linux-x86_64-debian-clang | 1.3-0 | 13.26 | 63.52 | 76.78 | OK | |
r-devel-linux-x86_64-debian-gcc | 1.3-0 | 9.56 | 53.33 | 62.89 | OK | |
r-devel-linux-x86_64-fedora-clang | 1.3-0 | 91.78 | NOTE | |||
r-devel-linux-x86_64-fedora-gcc | 1.3-0 | 80.01 | NOTE | |||
r-devel-windows-ix86+x86_64 | 1.3-0 | 27.00 | 79.00 | 106.00 | OK | |
r-patched-linux-x86_64 | 1.3-0 | 13.35 | 65.93 | 79.28 | OK | |
r-patched-solaris-x86 | 1.3-0 | 112.40 | OK | |||
r-release-linux-x86_64 | 1.3-0 | 13.97 | 62.60 | 76.57 | OK | |
r-release-macos-x86_64 | 1.3-0 | OK | ||||
r-release-windows-ix86+x86_64 | 1.3-0 | 23.00 | 75.00 | 98.00 | OK | |
r-oldrel-macos-x86_64 | 1.3-0 | OK | ||||
r-oldrel-windows-ix86+x86_64 | 1.3-0 | 15.00 | 84.00 | 99.00 | OK |
Version: 1.3-0
Check: compiled code
Result: NOTE
File ‘urca/libs/urca.so’:
Found no calls to: ‘R_registerRoutines’, ‘R_useDynamicSymbols’
It is good practice to register native routines and to disable symbol
search.
See ‘Writing portable packages’ in the ‘Writing R Extensions’ manual.
Flavors: r-devel-linux-x86_64-fedora-clang, r-devel-linux-x86_64-fedora-gcc