Last updated on 2020-12-01 00:46:58 CET.
Flavor | Version | Tinstall | Tcheck | Ttotal | Status | Flags |
---|---|---|---|---|---|---|
r-devel-linux-x86_64-debian-clang | 1.7.3 | 98.62 | 36.49 | 135.11 | OK | |
r-devel-linux-x86_64-debian-gcc | 1.7.3 | 99.49 | 29.86 | 129.35 | OK | |
r-devel-linux-x86_64-fedora-clang | 1.7.3 | 161.15 | NOTE | |||
r-devel-linux-x86_64-fedora-gcc | 1.7.3 | 138.99 | NOTE | |||
r-devel-windows-ix86+x86_64 | 1.7.3 | 178.00 | 74.00 | 252.00 | OK | |
r-patched-linux-x86_64 | 1.7.3 | 152.53 | 38.59 | 191.12 | OK | |
r-patched-solaris-x86 | 1.7.3 | 137.40 | NOTE | |||
r-release-linux-x86_64 | 1.7.3 | 152.68 | 40.84 | 193.52 | OK | |
r-release-macos-x86_64 | 1.7.3 | NOTE | ||||
r-release-windows-ix86+x86_64 | 1.7.3 | 181.00 | 69.00 | 250.00 | OK | |
r-oldrel-macos-x86_64 | 1.7.3 | NOTE | ||||
r-oldrel-windows-ix86+x86_64 | 1.7.3 | 134.00 | 87.00 | 221.00 | OK |
Version: 1.7.3
Check: Rd cross-references
Result: NOTE
Undeclared package ‘httr’ in Rd xrefs
Flavor: r-devel-linux-x86_64-fedora-clang
Version: 1.7.3
Check: data for non-ASCII characters
Result: NOTE
Note: found 488 marked UTF-8 strings
Flavors: r-devel-linux-x86_64-fedora-clang, r-devel-linux-x86_64-fedora-gcc, r-patched-solaris-x86, r-release-macos-x86_64, r-oldrel-macos-x86_64