Last updated on 2020-12-01 00:46:58 CET.
Flavor | Version | Tinstall | Tcheck | Ttotal | Status | Flags |
---|---|---|---|---|---|---|
r-devel-linux-x86_64-debian-clang | 0.1.0 | 4.62 | 35.64 | 40.26 | OK | |
r-devel-linux-x86_64-debian-gcc | 0.1.0 | 3.70 | 30.55 | 34.25 | OK | |
r-devel-linux-x86_64-fedora-clang | 0.1.0 | 50.30 | NOTE | |||
r-devel-linux-x86_64-fedora-gcc | 0.1.0 | 40.88 | NOTE | |||
r-devel-windows-ix86+x86_64 | 0.1.0 | 8.00 | 37.00 | 45.00 | OK | |
r-patched-linux-x86_64 | 0.1.0 | 3.07 | 37.20 | 40.27 | OK | |
r-patched-solaris-x86 | 0.1.0 | 61.10 | NOTE | |||
r-release-linux-x86_64 | 0.1.0 | 3.71 | 37.12 | 40.83 | OK | |
r-release-macos-x86_64 | 0.1.0 | NOTE | ||||
r-release-windows-ix86+x86_64 | 0.1.0 | 5.00 | 38.00 | 43.00 | OK | |
r-oldrel-macos-x86_64 | 0.1.0 | NOTE | ||||
r-oldrel-windows-ix86+x86_64 | 0.1.0 | 11.00 | 46.00 | 57.00 | OK |
Version: 0.1.0
Check: dependencies in R code
Result: NOTE
Namespace in Imports field not imported from: ‘pander’
All declared Imports should be used.
Flavors: r-devel-linux-x86_64-fedora-clang, r-devel-linux-x86_64-fedora-gcc, r-patched-solaris-x86, r-release-macos-x86_64, r-oldrel-macos-x86_64