Last updated on 2020-12-01 00:46:58 CET.
Flavor | Version | Tinstall | Tcheck | Ttotal | Status | Flags |
---|---|---|---|---|---|---|
r-devel-linux-x86_64-debian-clang | 0.2.0 | 5.43 | 53.18 | 58.61 | OK | |
r-devel-linux-x86_64-debian-gcc | 0.2.0 | 3.66 | 42.65 | 46.31 | OK | |
r-devel-linux-x86_64-fedora-clang | 0.2.0 | 70.72 | NOTE | |||
r-devel-linux-x86_64-fedora-gcc | 0.2.0 | 61.50 | NOTE | |||
r-devel-windows-ix86+x86_64 | 0.2.0 | 10.00 | 65.00 | 75.00 | OK | |
r-patched-linux-x86_64 | 0.2.0 | 4.59 | 54.27 | 58.86 | OK | |
r-patched-solaris-x86 | 0.2.0 | 90.50 | NOTE | |||
r-release-linux-x86_64 | 0.2.0 | 5.19 | 52.27 | 57.46 | OK | |
r-release-macos-x86_64 | 0.2.0 | NOTE | ||||
r-release-windows-ix86+x86_64 | 0.2.0 | 9.00 | 63.00 | 72.00 | OK | |
r-oldrel-macos-x86_64 | 0.2.0 | NOTE | ||||
r-oldrel-windows-ix86+x86_64 | 0.2.0 | 6.00 | 77.00 | 83.00 | OK |
Version: 0.2.0
Check: data for non-ASCII characters
Result: NOTE
Note: found 2 marked UTF-8 strings
Flavors: r-devel-linux-x86_64-fedora-clang, r-devel-linux-x86_64-fedora-gcc, r-patched-solaris-x86, r-release-macos-x86_64, r-oldrel-macos-x86_64