Last updated on 2020-12-01 00:46:58 CET.
Flavor | Version | Tinstall | Tcheck | Ttotal | Status | Flags |
---|---|---|---|---|---|---|
r-devel-linux-x86_64-debian-clang | 0.1.5 | 7.67 | 56.17 | 63.84 | OK | |
r-devel-linux-x86_64-debian-gcc | 0.1.5 | 6.23 | 44.03 | 50.26 | OK | |
r-devel-linux-x86_64-fedora-clang | 0.1.5 | 83.03 | OK | |||
r-devel-linux-x86_64-fedora-gcc | 0.1.5 | 71.14 | OK | |||
r-devel-windows-ix86+x86_64 | 0.1.5 | 13.00 | 58.00 | 71.00 | OK | |
r-patched-linux-x86_64 | 0.1.5 | 8.34 | 60.85 | 69.19 | OK | |
r-patched-solaris-x86 | 0.1.5 | 93.00 | OK | |||
r-release-linux-x86_64 | 0.1.5 | 5.91 | 61.85 | 67.76 | OK | |
r-release-macos-x86_64 | 0.1.5 | OK | ||||
r-release-windows-ix86+x86_64 | 0.1.5 | 14.00 | 65.00 | 79.00 | OK | |
r-oldrel-macos-x86_64 | 0.1.5 | ERROR | ||||
r-oldrel-windows-ix86+x86_64 | 0.1.5 | 9.00 | 109.00 | 118.00 | OK |
Version: 0.1.5
Check: tests
Result: ERROR
Running ‘spelling.R’ [0s/0s]
Running ‘testthat.R’ [3s/3s]
Running the tests in ‘tests/testthat.R’ failed.
Last 13 lines of output:
virtuoso isn't running.
No active virtuoso process detected.
── Skipped tests ──────────────────────────────────────────────────────────────
● On CRAN (7)
● On Mac (1)
● has_virtuoso() is not TRUE (1)
══ testthat results ═══════════════════════════════════════════════════════════
Warning (test-vos_odbc.R:25:3): We can generate an odbcinst file
ERROR (test-vos_odbc.R:25:3): We can generate an odbcinst file
[ FAIL 1 | WARN 1 | SKIP 9 | PASS 14 ]
Error: Test failures
Execution halted
Flavor: r-oldrel-macos-x86_64