Last updated on 2020-12-01 00:46:58 CET.
Flavor | Version | Tinstall | Tcheck | Ttotal | Status | Flags |
---|---|---|---|---|---|---|
r-devel-linux-x86_64-debian-clang | 1.0.6.2 | 5.51 | 34.33 | 39.84 | OK | |
r-devel-linux-x86_64-debian-gcc | 1.0.6.2 | 4.29 | 29.14 | 33.43 | OK | |
r-devel-linux-x86_64-fedora-clang | 1.0.6.2 | 49.71 | NOTE | |||
r-devel-linux-x86_64-fedora-gcc | 1.0.6.2 | 40.41 | NOTE | |||
r-devel-windows-ix86+x86_64 | 1.0.6.2 | 10.00 | 42.00 | 52.00 | OK | |
r-patched-linux-x86_64 | 1.0.6.2 | 4.53 | 37.28 | 41.81 | OK | |
r-patched-solaris-x86 | 1.0.6.2 | 62.50 | NOTE | |||
r-release-linux-x86_64 | 1.0.6.2 | 4.82 | 34.74 | 39.56 | OK | |
r-release-macos-x86_64 | 1.0.6.2 | NOTE | ||||
r-release-windows-ix86+x86_64 | 1.0.6.2 | 10.00 | 42.00 | 52.00 | OK | |
r-oldrel-macos-x86_64 | 1.0.6.2 | NOTE | ||||
r-oldrel-windows-ix86+x86_64 | 1.0.6.2 | 8.00 | 49.00 | 57.00 | OK |
Version: 1.0.6.2
Check: dependencies in R code
Result: NOTE
Namespaces in Imports field not imported from:
‘DT’ ‘ENMeval’ ‘RColorBrewer’ ‘XML’ ‘dismo’ ‘dplyr’ ‘leaflet.extras’
‘maptools’ ‘raster’ ‘rgdal’ ‘rgeos’ ‘rmarkdown’ ‘shinyjs’
‘shinythemes’ ‘spThin’ ‘spocc’ ‘testthat’ ‘zip’
All declared Imports should be used.
Flavors: r-devel-linux-x86_64-fedora-clang, r-devel-linux-x86_64-fedora-gcc, r-patched-solaris-x86, r-release-macos-x86_64, r-oldrel-macos-x86_64