CRAN Package Check Results for Package warpMix

Last updated on 2020-12-01 00:46:58 CET.

Flavor Version Tinstall Tcheck Ttotal Status Flags
r-devel-linux-x86_64-debian-clang 0.1.0 13.19 92.65 105.84 OK
r-devel-linux-x86_64-debian-gcc 0.1.0 11.54 78.42 89.96 OK
r-devel-linux-x86_64-fedora-clang 0.1.0 142.17 NOTE
r-devel-linux-x86_64-fedora-gcc 0.1.0 134.08 NOTE
r-devel-windows-ix86+x86_64 0.1.0 27.00 89.00 116.00 OK
r-patched-linux-x86_64 0.1.0 13.43 94.69 108.12 OK
r-patched-solaris-x86 0.1.0 199.40 NOTE
r-release-linux-x86_64 0.1.0 12.21 88.69 100.90 OK
r-release-macos-x86_64 0.1.0 NOTE
r-release-windows-ix86+x86_64 0.1.0 16.00 78.00 94.00 OK
r-oldrel-macos-x86_64 0.1.0 NOTE
r-oldrel-windows-ix86+x86_64 0.1.0 21.00 101.00 122.00 OK

Check Details

Version: 0.1.0
Check: dependencies in R code
Result: NOTE
    Namespace in Imports field not imported from: ‘nlme’
     All declared Imports should be used.
Flavors: r-devel-linux-x86_64-fedora-clang, r-devel-linux-x86_64-fedora-gcc, r-patched-solaris-x86, r-release-macos-x86_64, r-oldrel-macos-x86_64