Last updated on 2020-12-01 00:46:58 CET.
Flavor | Version | Tinstall | Tcheck | Ttotal | Status | Flags |
---|---|---|---|---|---|---|
r-devel-linux-x86_64-debian-clang | 0.3.3 | 58.76 | 40.45 | 99.21 | OK | |
r-devel-linux-x86_64-debian-gcc | 0.3.3 | 63.33 | 32.46 | 95.79 | OK | |
r-devel-linux-x86_64-fedora-clang | 0.3.3 | 119.73 | OK | |||
r-devel-linux-x86_64-fedora-gcc | 0.3.3 | 106.11 | OK | |||
r-devel-windows-ix86+x86_64 | 0.3.3 | 107.00 | 67.00 | 174.00 | OK | |
r-patched-linux-x86_64 | 0.3.3 | 98.52 | 41.35 | 139.87 | OK | |
r-patched-solaris-x86 | 0.3.3 | 105.60 | OK | |||
r-release-linux-x86_64 | 0.3.3 | 100.49 | 42.47 | 142.96 | OK | |
r-release-macos-x86_64 | 0.3.3 | OK | ||||
r-release-windows-ix86+x86_64 | 0.3.3 | 107.00 | 67.00 | 174.00 | OK | |
r-oldrel-macos-x86_64 | 0.3.3 | NOTE | ||||
r-oldrel-windows-ix86+x86_64 | 0.3.3 | 85.00 | 77.00 | 162.00 | OK |
Version: 0.3.3
Check: package dependencies
Result: NOTE
Package suggested but not available for checking: ‘wkutils’
Flavor: r-oldrel-macos-x86_64
Version: 0.3.3
Check: Rd cross-references
Result: NOTE
Package unavailable to check Rd xrefs: ‘wkutils’
Flavor: r-oldrel-macos-x86_64