Last updated on 2020-12-01 00:46:58 CET.
Flavor | Version | Tinstall | Tcheck | Ttotal | Status | Flags |
---|---|---|---|---|---|---|
r-devel-linux-x86_64-debian-clang | 1.1.1 | 27.24 | 33.63 | 60.87 | NOTE | |
r-devel-linux-x86_64-debian-gcc | 1.1.1 | 23.85 | 28.50 | 52.35 | NOTE | |
r-devel-linux-x86_64-fedora-clang | 1.1.1 | 76.44 | NOTE | |||
r-devel-linux-x86_64-fedora-gcc | 1.1.1 | 60.72 | NOTE | |||
r-devel-windows-ix86+x86_64 | 1.1.1 | 53.00 | 65.00 | 118.00 | OK | |
r-patched-linux-x86_64 | 1.1.1 | 38.14 | 36.45 | 74.59 | NOTE | |
r-patched-solaris-x86 | 1.1.1 | 72.90 | NOTE | |||
r-release-linux-x86_64 | 1.1.1 | 37.95 | 35.91 | 73.86 | NOTE | |
r-release-macos-x86_64 | 1.1.1 | OK | ||||
r-release-windows-ix86+x86_64 | 1.1.1 | 51.00 | 63.00 | 114.00 | OK | |
r-oldrel-macos-x86_64 | 1.1.1 | OK | ||||
r-oldrel-windows-ix86+x86_64 | 1.1.1 | 42.00 | 73.00 | 115.00 | OK |
Version: 1.1.1
Check: package dependencies
Result: NOTE
Package suggested but not available for checking: 'knitcitations'
Flavors: r-devel-linux-x86_64-debian-clang, r-devel-linux-x86_64-debian-gcc, r-devel-linux-x86_64-fedora-clang, r-devel-linux-x86_64-fedora-gcc, r-patched-linux-x86_64, r-patched-solaris-x86, r-release-linux-x86_64