CRAN Package Check Results for Package zipangu

Last updated on 2020-12-01 00:46:59 CET.

Flavor Version Tinstall Tcheck Ttotal Status Flags
r-devel-linux-x86_64-debian-clang 0.2.1 4.76 45.37 50.13 OK
r-devel-linux-x86_64-debian-gcc 0.2.1 3.25 38.51 41.76 OK
r-devel-linux-x86_64-fedora-clang 0.2.1 61.48 NOTE
r-devel-linux-x86_64-fedora-gcc 0.2.1 50.98 NOTE
r-devel-windows-ix86+x86_64 0.2.1 7.00 49.00 56.00 OK
r-patched-linux-x86_64 0.2.1 2.88 48.21 51.09 OK
r-patched-solaris-x86 0.2.1 74.50 NOTE
r-release-linux-x86_64 0.2.1 3.02 48.96 51.98 OK
r-release-macos-x86_64 0.2.1 NOTE
r-release-windows-ix86+x86_64 0.2.1 5.00 52.00 57.00 OK
r-oldrel-macos-x86_64 0.2.1 NOTE
r-oldrel-windows-ix86+x86_64 0.2.1 4.00 61.00 65.00 OK

Check Details

Version: 0.2.1
Check: data for non-ASCII characters
Result: NOTE
     Note: found 47 marked UTF-8 strings
Flavors: r-devel-linux-x86_64-fedora-clang, r-devel-linux-x86_64-fedora-gcc, r-patched-solaris-x86, r-release-macos-x86_64, r-oldrel-macos-x86_64