Last updated on 2020-12-01 00:46:59 CET.
Flavor | Version | Tinstall | Tcheck | Ttotal | Status | Flags |
---|---|---|---|---|---|---|
r-devel-linux-x86_64-debian-clang | 0.6.0 | 22.07 | 97.25 | 119.32 | NOTE | |
r-devel-linux-x86_64-debian-gcc | 0.6.0 | 13.16 | 80.50 | 93.66 | NOTE | |
r-devel-linux-x86_64-fedora-clang | 0.6.0 | 153.84 | NOTE | |||
r-devel-linux-x86_64-fedora-gcc | 0.6.0 | 144.39 | NOTE | |||
r-devel-windows-ix86+x86_64 | 0.6.0 | 35.00 | 104.00 | 139.00 | NOTE | |
r-patched-linux-x86_64 | 0.6.0 | 16.52 | 126.68 | 143.20 | NOTE | |
r-patched-solaris-x86 | 0.6.0 | 229.90 | NOTE | |||
r-release-linux-x86_64 | 0.6.0 | 19.82 | 123.68 | 143.50 | NOTE | |
r-release-macos-x86_64 | 0.6.0 | NOTE | ||||
r-release-windows-ix86+x86_64 | 0.6.0 | 27.00 | 109.00 | 136.00 | NOTE | |
r-oldrel-macos-x86_64 | 0.6.0 | NOTE | ||||
r-oldrel-windows-ix86+x86_64 | 0.6.0 | 28.00 | 138.00 | 166.00 | NOTE |
Version: 0.6.0
Check: package dependencies
Result: NOTE
Package suggested but not available for checking: 'zdat'
Flavors: r-devel-linux-x86_64-debian-clang, r-devel-linux-x86_64-debian-gcc, r-devel-linux-x86_64-fedora-clang, r-devel-linux-x86_64-fedora-gcc, r-devel-windows-ix86+x86_64, r-patched-linux-x86_64, r-patched-solaris-x86, r-release-linux-x86_64, r-release-macos-x86_64, r-release-windows-ix86+x86_64, r-oldrel-macos-x86_64, r-oldrel-windows-ix86+x86_64