CRAN Package Check Results for Package AER

Last updated on 2021-01-25 00:47:51 CET.

Flavor Version Tinstall Tcheck Ttotal Status Flags
r-devel-linux-x86_64-debian-clang 1.2-9 13.42 326.68 340.10 OK
r-devel-linux-x86_64-debian-gcc 1.2-9 10.30 251.70 262.00 OK
r-devel-linux-x86_64-fedora-clang 1.2-9 412.74 OK
r-devel-linux-x86_64-fedora-gcc 1.2-9 416.05 OK
r-devel-windows-ix86+x86_64 1.2-9 27.00 453.00 480.00 OK
r-patched-linux-x86_64 1.2-9 11.30 315.64 326.94 OK
r-patched-solaris-x86 1.2-9 598.20 OK
r-release-linux-x86_64 1.2-9 13.58 312.13 325.71 WARN
r-release-macos-x86_64 1.2-9 OK
r-release-windows-ix86+x86_64 1.2-9 38.00 452.00 490.00 OK
r-oldrel-macos-x86_64 1.2-9 OK
r-oldrel-windows-ix86+x86_64 1.2-9 21.00 372.00 393.00 OK

Check Details

Version: 1.2-9
Check: re-building of vignette outputs
Result: WARN
    Error(s) in re-building vignettes:
     ...
    --- re-building ‘AER.Rnw’ using Sweave
    Error: processing vignette 'AER.Rnw' failed with diagnostics:
    Running ‘texi2dvi’ on ‘AER.tex’ failed.
    LaTeX errors:
    ! Undefined control sequence.
    <recently read> \Hy@colorlink
    
    l.72 \begin{document}
    
    ! Undefined control sequence.
    \close@pdflink ->\Hy@endcolorlink
     \Hy@VerboseLinkStop \pdfendlink
    l.72 \begin{document}
    
    ! Undefined control sequence.
    <recently read> \Hy@colorlink
    
    l.72 \begin{document}
    
    ! Undefined control sequence.
    \close@pdflink ->\Hy@endcolorlink
     \Hy@VerboseLinkStop \pdfendlink
    l.72 \begin{document}
    
    ! Undefined control sequence.
    <recently read> \Hy@colorlink
    
    l.72 \begin{document}
    
    ! Undefined control sequence.
    \close@pdflink ->\Hy@endcolorlink
     \Hy@VerboseLinkStop \pdfendlink
    l.72 \begin{document}
    
    ! Undefined control sequence.
    <recently read> \Hy@colorlink
    
    l.72 \begin{document}
    
    ! Undefined control sequence.
    \close@pdflink ->\Hy@endcolorlink
     \Hy@VerboseLinkStop \pdfendlink
    l.72 \begin{document}
    
    ! Undefined control sequence.
    <recently read> \Hy@colorlink
    
    l.72 \begin{document}
    
    ! Undefined control sequence.
    \close@pdflink ->\Hy@endcolorlink
     \Hy@VerboseLinkStop \pdfendlink
    l.72 \begin{document}
    
    ! Undefined control sequence.
    <recently read> \Hy@colorlink
    
    l.72 \begin{document}
    
    ! Undefined control sequence.
    \close@pdflink ->\Hy@endcolorlink
     \Hy@VerboseLinkStop \pdfendlink
    l.72 \begin{document}
    
    --- failed re-building ‘AER.Rnw’
    
    --- re-building ‘Sweave-journals.Rnw’ using Sweave
    --- finished re-building ‘Sweave-journals.Rnw’
    
    SUMMARY: processing the following file failed:
     ‘AER.Rnw’
    
    Error: Vignette re-building failed.
    Execution halted
Flavor: r-release-linux-x86_64