Last updated on 2021-01-25 00:47:51 CET.
Flavor | Version | Tinstall | Tcheck | Ttotal | Status | Flags |
---|---|---|---|---|---|---|
r-devel-linux-x86_64-debian-clang | 1.1 | 14.05 | 137.30 | 151.35 | NOTE | |
r-devel-linux-x86_64-debian-gcc | 1.1 | 12.05 | 103.40 | 115.45 | NOTE | |
r-devel-linux-x86_64-fedora-clang | 1.1 | 192.46 | NOTE | |||
r-devel-linux-x86_64-fedora-gcc | 1.1 | 180.55 | NOTE | |||
r-devel-windows-ix86+x86_64 | 1.1 | 36.00 | 158.00 | 194.00 | NOTE | |
r-patched-linux-x86_64 | 1.1 | 14.69 | 125.75 | 140.44 | NOTE | |
r-patched-solaris-x86 | 1.1 | 273.70 | NOTE | |||
r-release-linux-x86_64 | 1.1 | 11.63 | 125.96 | 137.59 | NOTE | |
r-release-macos-x86_64 | 1.1 | NOTE | ||||
r-release-windows-ix86+x86_64 | 1.1 | 56.00 | 161.00 | 217.00 | NOTE | |
r-oldrel-macos-x86_64 | 1.1 | NOTE | ||||
r-oldrel-windows-ix86+x86_64 | 1.1 | 28.00 | 136.00 | 164.00 | NOTE |
Version: 1.1
Check: R code for possible problems
Result: NOTE
AMOEBA : Classi: no visible global function definition for 'sd'
Undefined global functions or variables:
sd
Consider adding
importFrom("stats", "sd")
to your NAMESPACE file.
Flavors: r-devel-linux-x86_64-debian-clang, r-devel-linux-x86_64-debian-gcc, r-devel-linux-x86_64-fedora-clang, r-devel-linux-x86_64-fedora-gcc, r-devel-windows-ix86+x86_64, r-patched-linux-x86_64, r-patched-solaris-x86, r-release-linux-x86_64, r-release-macos-x86_64, r-release-windows-ix86+x86_64, r-oldrel-macos-x86_64, r-oldrel-windows-ix86+x86_64