CRAN Package Check Results for Package ARpLMEC

Last updated on 2021-01-25 00:47:51 CET.

Flavor Version Tinstall Tcheck Ttotal Status Flags
r-devel-linux-x86_64-debian-clang 1.1 11.96 78.13 90.09 OK
r-devel-linux-x86_64-debian-gcc 1.1 8.58 60.95 69.53 OK
r-devel-linux-x86_64-fedora-clang 1.1 117.51 NOTE
r-devel-linux-x86_64-fedora-gcc 1.1 120.00 NOTE
r-devel-windows-ix86+x86_64 1.1 21.00 91.00 112.00 OK
r-patched-linux-x86_64 1.1 10.96 72.83 83.79 OK
r-patched-solaris-x86 1.1 161.00 NOTE
r-release-linux-x86_64 1.1 9.93 72.90 82.83 OK
r-release-macos-x86_64 1.1 NOTE
r-release-windows-ix86+x86_64 1.1 15.00 93.00 108.00 OK
r-oldrel-macos-x86_64 1.1 WARN
r-oldrel-windows-ix86+x86_64 1.1 14.00 84.00 98.00 OK

Check Details

Version: 1.1
Check: dependencies in R code
Result: NOTE
    Namespaces in Imports field not imported from:
     ‘Matrix’ ‘gmm’ ‘graphics’ ‘sandwich’ ‘stats4’ ‘utils’
     All declared Imports should be used.
Flavors: r-devel-linux-x86_64-fedora-clang, r-devel-linux-x86_64-fedora-gcc, r-patched-solaris-x86, r-release-macos-x86_64

Version: 1.1
Check: dependencies in R code
Result: NOTE
    No protocol specified
    No protocol specified
    Namespaces in Imports field not imported from:
     ‘Matrix’ ‘gmm’ ‘graphics’ ‘sandwich’ ‘stats4’ ‘utils’
     All declared Imports should be used.
Flavor: r-oldrel-macos-x86_64

Version: 1.1
Check: S3 generic/method consistency
Result: WARN
    No protocol specified
    No protocol specified
    See section ‘Generic functions and methods’ in the ‘Writing R
    Extensions’ manual.
Flavor: r-oldrel-macos-x86_64

Version: 1.1
Check: replacement functions
Result: WARN
    No protocol specified
    No protocol specified
    The argument of a replacement function which corresponds to the right
    hand side must be named ‘value’.
Flavor: r-oldrel-macos-x86_64

Version: 1.1
Check: foreign function calls
Result: NOTE
    No protocol specified
    No protocol specified
    See chapter ‘System and foreign language interfaces’ in the ‘Writing R
    Extensions’ manual.
Flavor: r-oldrel-macos-x86_64

Version: 1.1
Check: R code for possible problems
Result: NOTE
    No protocol specified
    No protocol specified
Flavor: r-oldrel-macos-x86_64

Version: 1.1
Check: for missing documentation entries
Result: WARN
    No protocol specified
    No protocol specified
    All user-level objects in a package should have documentation entries.
    See chapter ‘Writing R documentation files’ in the ‘Writing R
    Extensions’ manual.
Flavor: r-oldrel-macos-x86_64

Version: 1.1
Check: for code/documentation mismatches
Result: WARN
    No protocol specified
    No protocol specified
    No protocol specified
    No protocol specified
    No protocol specified
    No protocol specified
Flavor: r-oldrel-macos-x86_64

Version: 1.1
Check: Rd \usage sections
Result: NOTE
    No protocol specified
    No protocol specified
    The \usage entries for S3 methods should use the \method markup and not
    their full name.
    See chapter ‘Writing R documentation files’ in the ‘Writing R
    Extensions’ manual.
Flavor: r-oldrel-macos-x86_64