Last updated on 2021-01-25 00:47:51 CET.
Flavor | Version | Tinstall | Tcheck | Ttotal | Status | Flags |
---|---|---|---|---|---|---|
r-devel-linux-x86_64-debian-clang | 0.1.0 | 2.23 | 19.95 | 22.18 | OK | |
r-devel-linux-x86_64-debian-gcc | 0.1.0 | 1.83 | 16.05 | 17.88 | OK | |
r-devel-linux-x86_64-fedora-clang | 0.1.0 | 35.72 | NOTE | |||
r-devel-linux-x86_64-fedora-gcc | 0.1.0 | 28.12 | NOTE | |||
r-devel-windows-ix86+x86_64 | 0.1.0 | 7.00 | 38.00 | 45.00 | OK | |
r-patched-linux-x86_64 | 0.1.0 | 1.62 | 19.45 | 21.07 | OK | |
r-patched-solaris-x86 | 0.1.0 | 41.40 | NOTE | |||
r-release-linux-x86_64 | 0.1.0 | 1.68 | 19.68 | 21.36 | OK | |
r-release-macos-x86_64 | 0.1.0 | NOTE | ||||
r-release-windows-ix86+x86_64 | 0.1.0 | 7.00 | 37.00 | 44.00 | OK | |
r-oldrel-macos-x86_64 | 0.1.0 | NOTE | ||||
r-oldrel-windows-ix86+x86_64 | 0.1.0 | 3.00 | 29.00 | 32.00 | OK |
Version: 0.1.0
Check: dependencies in R code
Result: NOTE
Namespaces in Imports field not imported from:
‘arules’ ‘arulesViz’ ‘dplyr’ ‘methods’ ‘plotly’ ‘shiny’ ‘shinyMatrix’
All declared Imports should be used.
Flavors: r-devel-linux-x86_64-fedora-clang, r-devel-linux-x86_64-fedora-gcc, r-patched-solaris-x86, r-release-macos-x86_64, r-oldrel-macos-x86_64