Last updated on 2021-01-25 00:47:51 CET.
Flavor | Version | Tinstall | Tcheck | Ttotal | Status | Flags |
---|---|---|---|---|---|---|
r-devel-linux-x86_64-debian-clang | 1.14 | 16.64 | 139.16 | 155.80 | OK | |
r-devel-linux-x86_64-debian-gcc | 1.14 | 13.54 | 105.04 | 118.58 | OK | |
r-devel-linux-x86_64-fedora-clang | 1.14 | 192.97 | OK | |||
r-devel-linux-x86_64-fedora-gcc | 1.14 | 181.28 | OK | |||
r-devel-windows-ix86+x86_64 | 1.14 | 39.00 | 216.00 | 255.00 | OK | |
r-patched-linux-x86_64 | 1.14 | 15.18 | 129.45 | 144.63 | OK | |
r-patched-solaris-x86 | 1.14 | 239.80 | OK | |||
r-release-linux-x86_64 | 1.14 | 14.22 | 129.70 | 143.92 | OK | |
r-release-macos-x86_64 | 1.14 | OK | ||||
r-release-windows-ix86+x86_64 | 1.14 | 37.00 | 224.00 | 261.00 | OK | |
r-oldrel-macos-x86_64 | 1.14 | WARN | ||||
r-oldrel-windows-ix86+x86_64 | 1.14 | 25.00 | 184.00 | 209.00 | OK |
Version: 1.14
Check: whether package can be installed
Result: WARN
Found the following significant warnings:
Warning: 'rgl.init' failed, running with 'rgl.useNULL = TRUE'.
Flavor: r-oldrel-macos-x86_64