CRAN Package Check Results for Package ArchaeoPhases

Last updated on 2021-01-25 00:47:51 CET.

Flavor Version Tinstall Tcheck Ttotal Status Flags
r-devel-linux-x86_64-debian-clang 1.5 10.92 157.73 168.65 OK
r-devel-linux-x86_64-debian-gcc 1.5 7.89 119.86 127.75 OK
r-devel-linux-x86_64-fedora-clang 1.5 203.02 NOTE
r-devel-linux-x86_64-fedora-gcc 1.5 208.29 NOTE
r-devel-windows-ix86+x86_64 1.5 24.00 205.00 229.00 OK
r-patched-linux-x86_64 1.5 8.71 151.49 160.20 OK
r-patched-solaris-x86 1.5 304.60 NOTE
r-release-linux-x86_64 1.5 11.08 151.41 162.49 OK
r-release-macos-x86_64 1.5 NOTE
r-release-windows-ix86+x86_64 1.5 26.00 216.00 242.00 OK
r-oldrel-macos-x86_64 1.5 NOTE
r-oldrel-windows-ix86+x86_64 1.5 18.00 185.00 203.00 OK

Check Details

Version: 1.5
Check: dependencies in R code
Result: NOTE
    Namespaces in Imports field not imported from:
     ‘DT’ ‘ggthemes’ ‘shinythemes’ ‘tibble’
     All declared Imports should be used.
Flavors: r-devel-linux-x86_64-fedora-clang, r-devel-linux-x86_64-fedora-gcc, r-patched-solaris-x86, r-release-macos-x86_64, r-oldrel-macos-x86_64

Version: 1.5
Check: installed package size
Result: NOTE
     installed size is 5.0Mb
     sub-directories of 1Mb or more:
     doc 3.4Mb
Flavor: r-patched-solaris-x86