Last updated on 2021-01-25 00:47:51 CET.
Flavor | Version | Tinstall | Tcheck | Ttotal | Status | Flags |
---|---|---|---|---|---|---|
r-devel-linux-x86_64-debian-clang | 3.4.0 | 6.00 | 45.89 | 51.89 | OK | |
r-devel-linux-x86_64-debian-gcc | 3.4.0 | 5.55 | 35.92 | 41.47 | OK | |
r-devel-linux-x86_64-fedora-clang | 3.4.0 | 71.46 | NOTE | |||
r-devel-linux-x86_64-fedora-gcc | 3.4.0 | 66.88 | NOTE | |||
r-devel-windows-ix86+x86_64 | 3.4.0 | 12.00 | 66.00 | 78.00 | OK | |
r-patched-linux-x86_64 | 3.4.0 | 7.40 | 43.99 | 51.39 | OK | |
r-patched-solaris-x86 | 3.4.0 | 86.60 | NOTE | |||
r-release-linux-x86_64 | 3.4.0 | 5.77 | 44.34 | 50.11 | OK | |
r-release-macos-x86_64 | 3.4.0 | NOTE | ||||
r-release-windows-ix86+x86_64 | 3.4.0 | 13.00 | 54.00 | 67.00 | OK | |
r-oldrel-macos-x86_64 | 3.4.0 | NOTE | ||||
r-oldrel-windows-ix86+x86_64 | 3.4.0 | 8.00 | 54.00 | 62.00 | OK |
Version: 3.4.0
Check: dependencies in R code
Result: NOTE
Namespace in Imports field not imported from: ‘R6’
All declared Imports should be used.
Flavors: r-devel-linux-x86_64-fedora-clang, r-devel-linux-x86_64-fedora-gcc, r-patched-solaris-x86, r-release-macos-x86_64, r-oldrel-macos-x86_64