Last updated on 2021-01-25 00:47:52 CET.
Flavor | Version | Tinstall | Tcheck | Ttotal | Status | Flags |
---|---|---|---|---|---|---|
r-devel-linux-x86_64-debian-clang | 1.1.1 | 10.01 | 88.54 | 98.55 | OK | |
r-devel-linux-x86_64-debian-gcc | 1.1.1 | 7.22 | 66.23 | 73.45 | OK | |
r-devel-linux-x86_64-fedora-clang | 1.1.1 | 126.07 | NOTE | |||
r-devel-linux-x86_64-fedora-gcc | 1.1.1 | 126.34 | NOTE | |||
r-devel-windows-ix86+x86_64 | 1.1.1 | 24.00 | 111.00 | 135.00 | OK | |
r-patched-linux-x86_64 | 1.1.1 | 9.77 | 81.37 | 91.14 | OK | |
r-patched-solaris-x86 | 1.1.1 | 172.70 | NOTE | |||
r-release-linux-x86_64 | 1.1.1 | 8.37 | 80.88 | 89.25 | OK | |
r-release-macos-x86_64 | 1.1.1 | NOTE | ||||
r-release-windows-ix86+x86_64 | 1.1.1 | 32.00 | 111.00 | 143.00 | OK | |
r-oldrel-macos-x86_64 | 1.1.1 | NOTE | ||||
r-oldrel-windows-ix86+x86_64 | 1.1.1 | 16.00 | 89.00 | 105.00 | OK |
Version: 1.1.1
Check: dependencies in R code
Result: NOTE
Namespace in Imports field not imported from: ‘rstudioapi’
All declared Imports should be used.
Flavors: r-devel-linux-x86_64-fedora-clang, r-devel-linux-x86_64-fedora-gcc, r-patched-solaris-x86, r-release-macos-x86_64, r-oldrel-macos-x86_64