CRAN Package Check Results for Package BIRDS

Last updated on 2021-01-25 00:47:52 CET.

Flavor Version Tinstall Tcheck Ttotal Status Flags
r-devel-linux-x86_64-debian-clang 0.1.2 21.44 433.02 454.46 NOTE
r-devel-linux-x86_64-debian-gcc 0.1.2 15.56 315.10 330.66 NOTE
r-devel-linux-x86_64-fedora-clang 0.1.2 522.76 NOTE
r-devel-linux-x86_64-fedora-gcc 0.1.2 435.36 NOTE
r-devel-windows-ix86+x86_64 0.1.2 47.00 514.00 561.00 OK
r-patched-linux-x86_64 0.1.2 14.54 417.72 432.26 NOTE
r-patched-solaris-x86 0.1.2 705.60 NOTE
r-release-linux-x86_64 0.1.2 14.64 413.78 428.42 NOTE
r-release-macos-x86_64 0.1.2 NOTE
r-release-windows-ix86+x86_64 0.1.2 47.00 544.00 591.00 OK
r-oldrel-macos-x86_64 0.1.2 NOTE
r-oldrel-windows-ix86+x86_64 0.1.2 35.00 448.00 483.00 OK

Check Details

Version: 0.1.2
Check: package dependencies
Result: NOTE
    Package suggested but not available for checking: 'dggridR'
Flavors: r-devel-linux-x86_64-debian-clang, r-devel-linux-x86_64-debian-gcc, r-devel-linux-x86_64-fedora-gcc, r-patched-linux-x86_64, r-patched-solaris-x86, r-release-linux-x86_64

Version: 0.1.2
Check: package dependencies
Result: NOTE
    Package suggested but not available for checking: ‘dggridR’
    
    Imports includes 21 non-default packages.
    Importing from so many packages makes the package vulnerable to any of
    them becoming unavailable. Move as many as possible to Suggests and
    use conditionally.
Flavor: r-devel-linux-x86_64-fedora-clang

Version: 0.1.2
Check: dependencies in R code
Result: NOTE
    Namespaces in Imports field not imported from:
     ‘esquisse’ ‘rgdal’
     All declared Imports should be used.
Flavors: r-devel-linux-x86_64-fedora-clang, r-devel-linux-x86_64-fedora-gcc, r-patched-solaris-x86, r-release-macos-x86_64, r-oldrel-macos-x86_64

Version: 0.1.2
Check: data for non-ASCII characters
Result: NOTE
     Note: found 27976 marked UTF-8 strings
Flavors: r-devel-linux-x86_64-fedora-clang, r-devel-linux-x86_64-fedora-gcc, r-patched-solaris-x86, r-release-macos-x86_64, r-oldrel-macos-x86_64