Last updated on 2021-01-25 00:47:53 CET.
Flavor | Version | Tinstall | Tcheck | Ttotal | Status | Flags |
---|---|---|---|---|---|---|
r-devel-linux-x86_64-debian-clang | 0.1.0 | 1.97 | 19.54 | 21.51 | OK | |
r-devel-linux-x86_64-debian-gcc | 0.1.0 | 1.61 | 15.91 | 17.52 | OK | |
r-devel-linux-x86_64-fedora-clang | 0.1.0 | 35.65 | NOTE | |||
r-devel-linux-x86_64-fedora-gcc | 0.1.0 | 27.20 | NOTE | |||
r-devel-windows-ix86+x86_64 | 0.1.0 | 7.00 | 37.00 | 44.00 | OK | |
r-patched-linux-x86_64 | 0.1.0 | 1.92 | 19.73 | 21.65 | OK | |
r-patched-solaris-x86 | 0.1.0 | 41.10 | NOTE | |||
r-release-linux-x86_64 | 0.1.0 | 2.15 | 19.38 | 21.53 | OK | |
r-release-macos-x86_64 | 0.1.0 | NOTE | ||||
r-release-windows-ix86+x86_64 | 0.1.0 | 8.00 | 37.00 | 45.00 | OK | |
r-oldrel-macos-x86_64 | 0.1.0 | NOTE | ||||
r-oldrel-windows-ix86+x86_64 | 0.1.0 | 3.00 | 30.00 | 33.00 | OK |
Version: 0.1.0
Check: dependencies in R code
Result: NOTE
Namespaces in Imports field not imported from:
‘caret’ ‘datasets’ ‘dplyr’ ‘e1071’ ‘ggplot2’ ‘rhandsontable’ ‘shiny’
All declared Imports should be used.
Flavors: r-devel-linux-x86_64-fedora-clang, r-devel-linux-x86_64-fedora-gcc, r-patched-solaris-x86, r-release-macos-x86_64, r-oldrel-macos-x86_64