CRAN Package Check Results for Package BayesGPfit

Last updated on 2021-01-25 00:47:52 CET.

Flavor Version Tinstall Tcheck Ttotal Status Flags
r-devel-linux-x86_64-debian-clang 0.1.0 6.38 45.12 51.50 OK
r-devel-linux-x86_64-debian-gcc 0.1.0 4.81 35.53 40.34 OK
r-devel-linux-x86_64-fedora-clang 0.1.0 74.31 NOTE
r-devel-linux-x86_64-fedora-gcc 0.1.0 67.70 NOTE
r-devel-windows-ix86+x86_64 0.1.0 17.00 115.00 132.00 OK
r-patched-linux-x86_64 0.1.0 6.06 44.81 50.87 OK
r-patched-solaris-x86 0.1.0 123.30 OK
r-release-linux-x86_64 0.1.0 6.09 44.57 50.66 OK
r-release-macos-x86_64 0.1.0 OK
r-release-windows-ix86+x86_64 0.1.0 13.00 115.00 128.00 OK
r-oldrel-macos-x86_64 0.1.0 OK
r-oldrel-windows-ix86+x86_64 0.1.0 12.00 105.00 117.00 OK

Check Details

Version: 0.1.0
Check: compiled code
Result: NOTE
    File ‘BayesGPfit/libs/BayesGPfit.so’:
     Found no calls to: ‘R_registerRoutines’, ‘R_useDynamicSymbols’
    
    It is good practice to register native routines and to disable symbol
    search.
    
    See ‘Writing portable packages’ in the ‘Writing R Extensions’ manual.
Flavors: r-devel-linux-x86_64-fedora-clang, r-devel-linux-x86_64-fedora-gcc