Last updated on 2021-01-25 00:47:52 CET.
Flavor | Version | Tinstall | Tcheck | Ttotal | Status | Flags |
---|---|---|---|---|---|---|
r-devel-linux-x86_64-debian-clang | 0.2.1 | 56.66 | 87.07 | 143.73 | OK | |
r-devel-linux-x86_64-debian-gcc | 0.2.1 | 38.60 | 67.73 | 106.33 | OK | |
r-devel-linux-x86_64-fedora-clang | 0.2.1 | 187.48 | NOTE | |||
r-devel-linux-x86_64-fedora-gcc | 0.2.1 | 193.17 | OK | |||
r-devel-windows-ix86+x86_64 | 0.2.1 | 115.00 | 168.00 | 283.00 | OK | |
r-patched-linux-x86_64 | 0.2.1 | 42.61 | 82.54 | 125.15 | OK | |
r-patched-solaris-x86 | 0.2.1 | 199.00 | OK | |||
r-release-linux-x86_64 | 0.2.1 | 46.62 | 82.00 | 128.62 | OK | |
r-release-macos-x86_64 | 0.2.1 | NOTE | ||||
r-release-windows-ix86+x86_64 | 0.2.1 | 84.00 | 156.00 | 240.00 | OK | |
r-oldrel-macos-x86_64 | 0.2.1 | NOTE | ||||
r-oldrel-windows-ix86+x86_64 | 0.2.1 | 84.00 | 127.00 | 211.00 | OK |
Version: 0.2.1
Check: installed package size
Result: NOTE
installed size is 10.5Mb
sub-directories of 1Mb or more:
libs 10.2Mb
Flavors: r-devel-linux-x86_64-fedora-clang, r-release-macos-x86_64, r-oldrel-macos-x86_64