CRAN Package Check Results for Package BayesMallows

Last updated on 2021-01-25 00:47:52 CET.

Flavor Version Tinstall Tcheck Ttotal Status Flags
r-devel-linux-x86_64-debian-clang 1.0.0 189.22 130.89 320.11 OK
r-devel-linux-x86_64-debian-gcc 1.0.0 117.51 96.78 214.29 OK
r-devel-linux-x86_64-fedora-clang 1.0.0 426.31 NOTE
r-devel-linux-x86_64-fedora-gcc 1.0.0 396.22 OK
r-devel-windows-ix86+x86_64 1.0.0 436.00 281.00 717.00 OK
r-patched-linux-x86_64 1.0.0 112.34 128.68 241.02 OK
r-patched-solaris-x86 1.0.0 358.80 OK
r-release-linux-x86_64 1.0.0 112.10 128.92 241.02 OK
r-release-macos-x86_64 1.0.0 NOTE
r-release-windows-ix86+x86_64 1.0.0 425.00 286.00 711.00 OK
r-oldrel-macos-x86_64 1.0.0 NOTE
r-oldrel-windows-ix86+x86_64 1.0.0 327.00 238.00 565.00 OK

Check Details

Version: 1.0.0
Check: installed package size
Result: NOTE
     installed size is 8.1Mb
     sub-directories of 1Mb or more:
     doc 1.5Mb
     libs 6.0Mb
Flavors: r-devel-linux-x86_64-fedora-clang, r-release-macos-x86_64, r-oldrel-macos-x86_64