CRAN Package Check Results for Package BayesNetBP

Last updated on 2021-01-25 00:47:52 CET.

Flavor Version Tinstall Tcheck Ttotal Status Flags
r-devel-linux-x86_64-debian-clang 1.5.5 17.95 193.22 211.17 NOTE
r-devel-linux-x86_64-debian-gcc 1.5.5 17.12 142.38 159.50 NOTE
r-devel-linux-x86_64-fedora-clang 1.5.5 262.07 NOTE
r-devel-linux-x86_64-fedora-gcc 1.5.5 210.31 NOTE
r-devel-windows-ix86+x86_64 1.5.5 52.00 220.00 272.00 NOTE
r-patched-linux-x86_64 1.5.5 15.61 174.63 190.24 NOTE
r-patched-solaris-x86 1.5.5 345.40 NOTE
r-release-linux-x86_64 1.5.5 15.35 175.02 190.37 NOTE
r-release-macos-x86_64 1.5.5 NOTE
r-release-windows-ix86+x86_64 1.5.5 53.00 227.00 280.00 NOTE
r-oldrel-macos-x86_64 1.5.5 NOTE
r-oldrel-windows-ix86+x86_64 1.5.5 39.00 178.00 217.00 NOTE

Check Details

Version: 1.5.5
Check: package dependencies
Result: NOTE
    Package suggested but not available for checking: 'cyjShiny'
Flavors: r-devel-linux-x86_64-debian-clang, r-devel-linux-x86_64-debian-gcc, r-devel-linux-x86_64-fedora-clang, r-devel-linux-x86_64-fedora-gcc, r-devel-windows-ix86+x86_64, r-patched-linux-x86_64, r-patched-solaris-x86, r-release-linux-x86_64, r-release-macos-x86_64, r-release-windows-ix86+x86_64, r-oldrel-macos-x86_64, r-oldrel-windows-ix86+x86_64