CRAN Package Check Results for Package BayesProject

Last updated on 2021-01-25 00:47:52 CET.

Flavor Version Tinstall Tcheck Ttotal Status Flags
r-devel-linux-x86_64-debian-clang 1.0 33.64 30.86 64.50 OK
r-devel-linux-x86_64-debian-gcc 1.0 21.11 24.88 45.99 OK
r-devel-linux-x86_64-fedora-clang 1.0 95.07 NOTE
r-devel-linux-x86_64-fedora-gcc 1.0 82.77 OK
r-devel-windows-ix86+x86_64 1.0 73.00 75.00 148.00 OK
r-patched-linux-x86_64 1.0 29.01 30.93 59.94 OK
r-patched-solaris-x86 1.0 85.80 OK
r-release-linux-x86_64 1.0 25.84 30.92 56.76 OK
r-release-macos-x86_64 1.0 NOTE
r-release-windows-ix86+x86_64 1.0 49.00 78.00 127.00 OK
r-oldrel-macos-x86_64 1.0 NOTE
r-oldrel-windows-ix86+x86_64 1.0 55.00 70.00 125.00 OK

Check Details

Version: 1.0
Check: installed package size
Result: NOTE
     installed size is 7.3Mb
     sub-directories of 1Mb or more:
     libs 7.1Mb
Flavors: r-devel-linux-x86_64-fedora-clang, r-release-macos-x86_64, r-oldrel-macos-x86_64