CRAN Package Check Results for Package BayesSenMC

Last updated on 2021-01-25 00:47:52 CET.

Flavor Version Tinstall Tcheck Ttotal Status Flags
r-devel-linux-x86_64-debian-clang 0.1.2 14.97 138.83 153.80 OK
r-devel-linux-x86_64-debian-gcc 0.1.2 13.64 105.27 118.91 OK
r-devel-linux-x86_64-fedora-clang 0.1.2 192.80 OK
r-devel-linux-x86_64-fedora-gcc 0.1.2 196.23 OK
r-devel-windows-ix86+x86_64 0.1.2 40.00 184.00 224.00 OK
r-patched-linux-x86_64 0.1.2 11.16 126.53 137.69 OK
r-patched-solaris-x86 0.1.2 264.30 OK
r-release-linux-x86_64 0.1.2 10.21 127.67 137.88 WARN
r-release-macos-x86_64 0.1.2 OK
r-release-windows-ix86+x86_64 0.1.2 41.00 180.00 221.00 OK
r-oldrel-macos-x86_64 0.1.2 OK
r-oldrel-windows-ix86+x86_64 0.1.2 27.00 146.00 173.00 OK

Check Details

Version: 0.1.2
Check: re-building of vignette outputs
Result: WARN
    Error(s) in re-building vignettes:
     ...
    --- re-building ‘BayesSenMC_demo.Rnw’ using Sweave
    Loading required package: Rcpp
    Error: processing vignette 'BayesSenMC_demo.Rnw' failed with diagnostics:
    Running ‘texi2dvi’ on ‘BayesSenMC_demo.tex’ failed.
    LaTeX errors:
    ! Undefined control sequence.
    <recently read> \Hy@colorlink
    
    l.34 \begin{document}
    
    ! Undefined control sequence.
    \close@pdflink ->\Hy@endcolorlink
     \Hy@VerboseLinkStop \pdfendlink
    l.34 \begin{document}
    
    ! Undefined control sequence.
    <recently read> \Hy@colorlink
    
    l.34 \begin{document}
    
    ! Undefined control sequence.
    \close@pdflink ->\Hy@endcolorlink
     \Hy@VerboseLinkStop \pdfendlink
    l.34 \begin{document}
    
    --- failed re-building 'BayesSenMC_demo.Rnw'
    
    SUMMARY: processing the following file failed:
     'BayesSenMC_demo.Rnw'
    
    Error: Vignette re-building failed.
    Execution halted
Flavor: r-release-linux-x86_64